{"id":30,"date":"2017-05-22T07:32:27","date_gmt":"2017-05-22T07:32:27","guid":{"rendered":"http:\/\/second.kym-keller.de\/?page_id=30"},"modified":"2018-11-03T21:22:24","modified_gmt":"2018-11-03T21:22:24","slug":"wir-ueber-uns","status":"publish","type":"page","link":"http:\/\/rgawke.de\/sunset\/?page_id=30","title":{"rendered":"Wir \u00fcber uns&#8230;"},"content":{"rendered":"<p><strong>Hallo Besucher unserer Webside!<\/strong><\/p>\n<p><strong> Wir sind eine saarl\u00e4ndische Cover-Band, die f\u00fcr Ihren Fankreis hier eine kleine Internetpr\u00e4senz geschaffen haben.<\/strong><\/p>\n<p><strong>THE SUNSET<br \/>\n<\/strong><\/p>\n<p><strong>6 Musiker aus den 60ern &#8211; damit richtet sich unsere Titelauswahl auch an Werken aus,<br \/>\n<\/strong><strong>die entweder in dieser Zeit entstanden sind oder &#8222;in&#8220; waren. Dabei orientieren wir uns m\u00f6glichst am originalgetreuen Sound und aufwendigen Harmoniegesang.<br \/>\n<\/strong><\/p>\n<p><strong>Wir sind dabei nach eine kleinen Pause von rund 25 Jahren wieder am Start. Viele Fans aus den 60er und 70ern haben uns immer wieder nach eine Reunion gefragt, woraufhin wir uns im neues Jahrtausend in der Originalbesetzung wieder zusammengefunden haben. Allerdings hat nach neuen H\u00f6hepunkten &#8211; wie unserem Konzert in der V\u00f6lklinger Gasgebl\u00e4sehalle 2016 &#8211; unser &#8222;Doc&#8220; das Saarland und damit auch die Band verlassen. Mit &#8222;Mac&#8220; wurde aber das fehlende Puzzleteil passend mit einem weiteren Bewahrer der 60er Somgs ersetzt und so geht unsere musikalische Reise noch ein wenig weiter.<br \/>\n<\/strong><\/p>\n<p><strong> Okay &#8211; wir wollen haupts\u00e4chlich Spa\u00df haben und den 60er Rock hoch leben lassen.\u00a0 Mit jahrzentelanger Live-Erfahrung und Professionalit\u00e4t, aber auch mit viel guter Laune und Stimmung machen wir Rock-Party mit den Kronjuwelen aus unserer musikalischen Schatztruhe.<\/strong><\/p>\n<p><strong> Bei Interesse einfach melden &#8211; Kontaktdaten zu E-Mail oder Telefon findet Ihr im Impressum.<\/strong><\/p>\n<p><strong> Und&#8230; schaut ruhig auch mal auf unserer Facebook-Seite vorbei, wo Ihr auch Kommentare hinterlassen k\u00f6nnt: https:\/\/www.facebook.com\/sunset6813\/<br \/>\n<\/strong><\/p>\n<p><strong> Greez<\/strong><\/p>\n<p><strong> The Sunsets<\/strong><\/p>\n","protected":false},"excerpt":{"rendered":"<p>Hallo Besucher unserer Webside! Wir sind eine saarl\u00e4ndische Cover-Band, die f\u00fcr Ihren Fankreis hier eine kleine Internetpr\u00e4senz geschaffen haben. THE SUNSET 6 Musiker aus den 60ern &#8211; damit richtet sich unsere Titelauswahl auch an Werken aus, die entweder in dieser Zeit entstanden sind oder &#8222;in&#8220; waren. Dabei orientieren wir uns m\u00f6glichst am originalgetreuen Sound und &hellip; <a href=\"http:\/\/rgawke.de\/sunset\/?page_id=30\" class=\"more-link\"><span class=\"screen-reader-text\">Wir \u00fcber uns&#8230;<\/span> weiterlesen <span class=\"meta-nav\">&rarr;<\/span><\/a><\/p>\n","protected":false},"author":1,"featured_media":0,"parent":0,"menu_order":0,"comment_status":"closed","ping_status":"closed","template":"","meta":{"footnotes":""},"_links":{"self":[{"href":"http:\/\/rgawke.de\/sunset\/index.php?rest_route=\/wp\/v2\/pages\/30"}],"collection":[{"href":"http:\/\/rgawke.de\/sunset\/index.php?rest_route=\/wp\/v2\/pages"}],"about":[{"href":"http:\/\/rgawke.de\/sunset\/index.php?rest_route=\/wp\/v2\/types\/page"}],"author":[{"embeddable":true,"href":"http:\/\/rgawke.de\/sunset\/index.php?rest_route=\/wp\/v2\/users\/1"}],"replies":[{"embeddable":true,"href":"http:\/\/rgawke.de\/sunset\/index.php?rest_route=%2Fwp%2Fv2%2Fcomments&post=30"}],"version-history":[{"count":4,"href":"http:\/\/rgawke.de\/sunset\/index.php?rest_route=\/wp\/v2\/pages\/30\/revisions"}],"predecessor-version":[{"id":214,"href":"http:\/\/rgawke.de\/sunset\/index.php?rest_route=\/wp\/v2\/pages\/30\/revisions\/214"}],"wp:attachment":[{"href":"http:\/\/rgawke.de\/sunset\/index.php?rest_route=%2Fwp%2Fv2%2Fmedia&parent=30"}],"curies":[{"name":"wp","href":"https:\/\/api.w.org\/{rel}","templated":true}]}}

Wir über uns&#8230;

<p><strong>Hallo Besucher unserer Webside!</strong></p>
<p><strong> Wir sind eine saarländische Cover-Band, die für Ihren Fankreis hier eine kleine Internetpräsenz geschaffen haben.</strong></p>
<p><strong>THE SUNSET<br />
</strong></p>
<p><strong>6 Musiker aus den 60ern &#8211; damit richtet sich unsere Titelauswahl auch an Werken aus,<br />
</strong><strong>die entweder in dieser Zeit entstanden sind oder &#8222;in&#8220; waren. Dabei orientieren wir uns möglichst am originalgetreuen Sound und aufwendigen Harmoniegesang.<br />
</strong></p>
<p><strong>Wir sind dabei nach eine kleinen Pause von rund 25 Jahren wieder am Start. Viele Fans aus den 60er und 70ern haben uns immer wieder nach eine Reunion gefragt, woraufhin wir uns im neues Jahrtausend in der Originalbesetzung wieder zusammengefunden haben. Allerdings hat nach neuen Höhepunkten &#8211; wie unserem Konzert in der Völklinger Gasgebläsehalle 2016 &#8211; unser &#8222;Doc&#8220; das Saarland und damit auch die Band verlassen. Mit &#8222;Mac&#8220; wurde aber das fehlende Puzzleteil passend mit einem weiteren Bewahrer der 60er Somgs ersetzt und so geht unsere musikalische Reise noch ein wenig weiter.<br />
</strong></p>
<p><strong> Okay &#8211; wir wollen hauptsächlich Spaß haben und den 60er Rock hoch leben lassen.  Mit jahrzentelanger Live-Erfahrung und Professionalität, aber auch mit viel guter Laune und Stimmung machen wir Rock-Party mit den Kronjuwelen aus unserer musikalischen Schatztruhe.</strong></p>
<p><strong> Bei Interesse einfach melden &#8211; Kontaktdaten zu E-Mail oder Telefon findet Ihr im Impressum.</strong></p>
<p><strong> Und&#8230; schaut ruhig auch mal auf unserer Facebook-Seite vorbei, wo Ihr auch Kommentare hinterlassen könnt: https://www.facebook.com/sunset6813/<br />
</strong></p>
<p><strong> Greez</strong></p>
<p><strong> The Sunsets</strong></p>

<p>Hallo Besucher unserer Webside! Wir sind eine saarländische Cover-Band, die für Ihren Fankreis hier eine kleine Internetpräsenz geschaffen haben. THE SUNSET 6 Musiker aus den 60ern &#8211; damit richtet sich unsere Titelauswahl auch an Werken aus, die entweder in dieser Zeit entstanden sind oder &#8222;in&#8220; waren. Dabei orientieren wir uns möglichst am originalgetreuen Sound und &hellip; <a href="http://rgawke.de/sunset/?page_id=30" class="more-link"><span class="screen-reader-text">Wir über uns&#8230;</span> weiterlesen <span class="meta-nav">&rarr;</span></a></p>
