{"id":37,"date":"2016-10-19T15:52:34","date_gmt":"2016-10-19T15:52:34","guid":{"rendered":"http:\/\/rgawke.de\/mactwo\/?page_id=37"},"modified":"2024-08-07T16:46:47","modified_gmt":"2024-08-07T16:46:47","slug":"ich-ueber-mich","status":"publish","type":"page","link":"http:\/\/rgawke.de\/mactwo\/?page_id=37","title":{"rendered":"Ich \u00fcber mich"},"content":{"rendered":"<p>Hallo Besucher!<\/p>\n<p>Hier findet man Info zu meinen musikalischen Aktivit\u00e4ten. Ich bin Hobbymusiker mit \u00fcber 40 Jahren B\u00fchnenerfahrung (aktuellen Dokumenten zur Folge seit \u201978).<\/p>\n<p>Dabei habe ich mich neben autodidaktischer Gesangslehre von der Orgel \u00fcber Klavier zum Keyboard, \u00fcber Schlagzeug und Bass-Gitarre, live und in diversen Studio-Aktivit\u00e4ten, am 4Saiter, hinter den Tasten oder als Frontman \/ Lead-Vocalist durch die saarl\u00e4ndische Musikszene musiziert. Musikalisch habe ich mich hierbei durch viele Stile und Richtungen gearbeitet, von der \u201eharten\u201c Tanzmusik mit WalzerTangoMarsch, \u00fcber Top40 zu ein wenig Jazz oder auch HardRock aus meiner Sturm- und Drangzeit. Mein \u201enormales\u201c Programm ist aber deutlich 70er\/80er lastig \u2013 \u201eMacs Songs of Yesterday\u201c eben. Dabei gefallen mir auch gr\u00f6\u00dfere Formationen mit gutem mehrstimmigen Gesang und nat\u00fcrlich \u201eMusik von Hand\u201c. Nachdem ich mich Anfang der 90er entschlossen habe, einem \u201eseri\u00f6sen\u201c Beruf nachzugehen, geht meine musikalische Reise dennoch weiter.<\/p>\n<p>Das Ganze begann mit einem Duo von 2 Minderj\u00e4hrigen Ende der 70er, die mit Schlagzeug und Orgel kleine \u00f6rtliche Feiern begleiten durften. Daraus kam dann unwesentlich sp\u00e4ter schon das Quartett \u201e<strong>Kolibris<\/strong>\u201c zustande, was aber (trotz charismatischer Mitmusiker) nicht weit kam (es war wohl jeder auf \u201eseine\u201c Art charismatisch) \u2026<\/p>\n<p>Meine 80er geh\u00f6rten dann der Rehlinger Tanzmusik-Band \u201e<strong>NOUS<\/strong>\u201c, die in diesen Jahren nahezu omnipr\u00e4sent im Umkreis von Saarlouis aktiv war. Famili\u00e4r stieg ich dort Anfang der 90er aus, um aber dennoch bei dem ein oder anderen Gig aushelfen zu d\u00fcrfen. Einen Sommer lang durfte ich danach bei der Merziger Rock-Band \u201e<strong>Rollsplit<\/strong>\u201c am Bass aushelfen.<\/p>\n<p>Neben ersten Studio-Jobs wechselte ich das Live-Musik-Genre und genoss zun\u00e4chst eine kurze, aber heftige Zeit mit einer zusammengew\u00fcrfelten Truppe in der Eifel, die als \u201e<strong>Die Gezies<\/strong>\u201c nur bei einigen Benefiz- Veranstaltungen auftrat, aber daf\u00fcr mit hochkar\u00e4tigen Mitmusikern ein tolles Rockprogramm und mutige Arrangements in Angriff nahm.<\/p>\n<p>Um dem zu folgen trat ich Mitte der 90er der Wahlener Rockband \u201e<strong>Class of 89<\/strong>\u201c als S\u00e4nger \/ Frontmann bei \u2013 einer Truppe, die qualitativ Lokalmatador h\u00e4tte werden m\u00fcssen &#8211; aber die verschiedenen \u201eCharismen\u201c wollten mal wieder nicht\u2026<\/p>\n<p>\u201e<strong>SAITENWIND<\/strong>\u201c aus St. Ingbert war dann einige Jahre meine gut gebuchte Tanzmusik-Truppe mit 5 hervorragenden Mitmusikern, die ich zugunsten meines SOUNDSLIKEMAC Projekt aber verlassen musste.<\/p>\n<p>Mit \u201e<strong>SOUNDS LIKE MAC<\/strong>\u201c als Party-Band mit Gitarristin\/ S\u00e4ngerin Karin im Duo, oder auch als Trio oder Quartett mit diversen Kollegen, ging es bis \u00fcber die Jahrtausendwende weiter.<\/p>\n<p>2012 f\u00fchlte ich mich dann wieder der Rockmusik hingezogen und erlebte mit \u201e<strong>Paul-rockt<\/strong>\u201c eine gute Zeit, die dann aber kapazit\u00e4tenbedingt 4 Jahre sp\u00e4ter doch ein Ende fand \u2013 der Tag hat nur 24h&#8230;<\/p>\n<p>Im Fr\u00fchjahr 2018 durfte ich die Band<strong> THE SUNSET<\/strong> aus Gro\u00dfrosseln kennenlernen, die (1964 gegr\u00fcndet) einen zum Exil-Saarl\u00e4nder gewordenen Keyboarder ersetzen musste und fand hier die richtigen Mitmusiker f\u00fcr meinen nostalgischen Hang zu Songs aus der Beatgeneration der 60er und 70er. Okay \u2013 das ist auch mit deren Abschieds-Gig in 2023 zwar auch schon wieder vorbei, aber \u201ees war eine sch\u00f6ne Zeit\u201c! Ich darf mich gl\u00fccklich sch\u00e4tzen, dass mich einige Mitmusiker der Band, die einen BigBand-Hintergrund haben, heute noch zu Auftritten mit dem Jugendorchester Gro\u00dfrosseln (<strong>JOG<\/strong>) einladen.<\/p>\n<p>Im \u201emusikalischen Pandemie-Out\u201c 2021 fand ich \u00fcber Umwege zur\u00fcck zu meinem alten Mitstreitern Bernd F. und Harry D. von THE-CLASS und damit auch zu deren Truppe <strong>BLUES BAND WITHOUT NAME (BBWN)<\/strong>, bei der ich mittlerweile den Tastenbereich betreue und die Vocals verst\u00e4rke. Blues muss bei Weitem nix getragenes sein und selten hab ich an so einem tolles Bandklima teilhaben k\u00f6nnen. Musikalische Klasse trifft Herzensmusik\u2026<\/p>\n<p>In Krankheitsvertretung kam ich dann noch zu <strong>NoQUESTION<\/strong>, wo man 70er und 80er Tanzmusik mit Harmonielastigem Gesang zu handgemachter Musik pflegt \u2013 das aber nur als \u00dcbergang\u2026 Kurzfristig\u2026 Vor\u00fcbergehend\u2026 Seit einigen Jahren\u2026 Mittelfristig\u2026 Langfristig\u2026 \ud83d\ude42<\/p>\n<p>Daneben liegt mein eigenes \u201eSOUNDS LIKE MAC\u201c \u2013 Projekt famili\u00e4r bedingt (aber durchaus freiwillig) leider etwas auf Eis. Irgendwie bin ich dennoch immer irgendwo unterwegs.<\/p>\n<p>Mittlerweile jamme ich auch wieder in einigen Rock-Projekten herum, aber ich finde da einfach keinen passenden Platz. Hier sehe ich derzeit den meisten Bedarf an Band-Pflege. Durch eine Schwemme von Rock-Cover-Bands in den letzten Jahren wird vielerorts h\u00e4ufig einfach \u201eRuntergenudelt\u201c. Ich suche da was mit mehr Seele\u2026<\/p>\n<p>Zwischendurch war ich seit 2000 immer wieder als Leihmusiker bei diversen lokalen, aber auch \u00fcberregionalen K\u00fcnstlern und Kollegen mit Rock- oder Top40-Setups auf der B\u00fchne. Und in kleinster Besetzung bin ich als Duo <strong>Felini<\/strong>, <strong>McCharlie<\/strong>, <strong>MacNero<\/strong> oder <strong>BlackAndWhite<\/strong> bis heute noch mit Party-Unterhaltung unterwegs.<\/p>\n<p>In den letzten Jahren lasse ich mich wieder vermehrt und gerne als Musiker-Vertretung ad hok irgendwo dazustellen. Das erlaubt mir nat\u00fcrlich nicht nur noch etwas dazuzulernen, sondern auch bei Anfragen schnell die \u201epassenden\u201c Kollegen anbieten\/mitbringen zu k\u00f6nnen. Dabei muss es nicht immer der Bombast-Gig sein \u2013 auch die kleine Session oder die Privat-Veranstaltung kann hier so richtig Laune hinterlassen.<\/p>\n<p>An dieser Stelle m\u00f6chte ich nicht unerw\u00e4hnt lassen, dass meine musikalischen Aktivit\u00e4ten nat\u00fcrlich beim Finanzamt Saarlouis offiziell gemeldet sind.<\/p>\n<p>F\u00fcr einen Veranstalter auf der Suche nach der richtigen musikalischen Attraktion, f\u00fcr meine Freunde und interessierte Mitmusiker oder Kollegen auf der Suche nach einem Vertretungs-Musiker auf die Schnelle, oder eben einfach um zu wissen, was ich so anstelle, findet man hier also meine Web-Pr\u00e4senz mit Gig-Tagebuch \u2013 wobei ich hier doch noch einige Eintr\u00e4ge nacherfassen muss. \ud83d\ude07<\/p>\n<p>Ich bin dran&#8230;<\/p>\n<p>Greez<\/p>\n<p>Walter \u201eMac\u201c Keller<\/p>\n","protected":false},"excerpt":{"rendered":"<p>Hallo Besucher! Hier findet man Info zu meinen musikalischen Aktivit\u00e4ten. Ich bin Hobbymusiker mit \u00fcber 40 Jahren B\u00fchnenerfahrung (aktuellen Dokumenten zur Folge seit \u201978). Dabei habe ich mich neben autodidaktischer Gesangslehre von der Orgel \u00fcber Klavier zum Keyboard, \u00fcber Schlagzeug und Bass-Gitarre, live und in diversen Studio-Aktivit\u00e4ten, am 4Saiter, hinter den Tasten oder als Frontman &hellip; <a href=\"http:\/\/rgawke.de\/mactwo\/?page_id=37\" class=\"more-link\"><span class=\"screen-reader-text\">Ich \u00fcber mich<\/span> weiterlesen <span class=\"meta-nav\">&rarr;<\/span><\/a><\/p>\n","protected":false},"author":1,"featured_media":35,"parent":0,"menu_order":1,"comment_status":"closed","ping_status":"closed","template":"","meta":{"footnotes":""},"class_list":["post-37","page","type-page","status-publish","has-post-thumbnail","hentry"],"_links":{"self":[{"href":"http:\/\/rgawke.de\/mactwo\/index.php?rest_route=\/wp\/v2\/pages\/37","targetHints":{"allow":["GET"]}}],"collection":[{"href":"http:\/\/rgawke.de\/mactwo\/index.php?rest_route=\/wp\/v2\/pages"}],"about":[{"href":"http:\/\/rgawke.de\/mactwo\/index.php?rest_route=\/wp\/v2\/types\/page"}],"author":[{"embeddable":true,"href":"http:\/\/rgawke.de\/mactwo\/index.php?rest_route=\/wp\/v2\/users\/1"}],"replies":[{"embeddable":true,"href":"http:\/\/rgawke.de\/mactwo\/index.php?rest_route=%2Fwp%2Fv2%2Fcomments&post=37"}],"version-history":[{"count":24,"href":"http:\/\/rgawke.de\/mactwo\/index.php?rest_route=\/wp\/v2\/pages\/37\/revisions"}],"predecessor-version":[{"id":2848,"href":"http:\/\/rgawke.de\/mactwo\/index.php?rest_route=\/wp\/v2\/pages\/37\/revisions\/2848"}],"wp:featuredmedia":[{"embeddable":true,"href":"http:\/\/rgawke.de\/mactwo\/index.php?rest_route=\/wp\/v2\/media\/35"}],"wp:attachment":[{"href":"http:\/\/rgawke.de\/mactwo\/index.php?rest_route=%2Fwp%2Fv2%2Fmedia&parent=37"}],"curies":[{"name":"wp","href":"https:\/\/api.w.org\/{rel}","templated":true}]}}

Ich über mich

<p>Hallo Besucher!</p>
<p>Hier findet man Info zu meinen musikalischen Aktivitäten. Ich bin Hobbymusiker mit über 40 Jahren Bühnenerfahrung (aktuellen Dokumenten zur Folge seit ’78).</p>
<p>Dabei habe ich mich neben autodidaktischer Gesangslehre von der Orgel über Klavier zum Keyboard, über Schlagzeug und Bass-Gitarre, live und in diversen Studio-Aktivitäten, am 4Saiter, hinter den Tasten oder als Frontman / Lead-Vocalist durch die saarländische Musikszene musiziert. Musikalisch habe ich mich hierbei durch viele Stile und Richtungen gearbeitet, von der „harten“ Tanzmusik mit WalzerTangoMarsch, über Top40 zu ein wenig Jazz oder auch HardRock aus meiner Sturm- und Drangzeit. Mein „normales“ Programm ist aber deutlich 70er/80er lastig – „Macs Songs of Yesterday“ eben. Dabei gefallen mir auch größere Formationen mit gutem mehrstimmigen Gesang und natürlich „Musik von Hand“. Nachdem ich mich Anfang der 90er entschlossen habe, einem „seriösen“ Beruf nachzugehen, geht meine musikalische Reise dennoch weiter.</p>
<p>Das Ganze begann mit einem Duo von 2 Minderjährigen Ende der 70er, die mit Schlagzeug und Orgel kleine örtliche Feiern begleiten durften. Daraus kam dann unwesentlich später schon das Quartett „<strong>Kolibris</strong>“ zustande, was aber (trotz charismatischer Mitmusiker) nicht weit kam (es war wohl jeder auf „seine“ Art charismatisch) …</p>
<p>Meine 80er gehörten dann der Rehlinger Tanzmusik-Band „<strong>NOUS</strong>“, die in diesen Jahren nahezu omnipräsent im Umkreis von Saarlouis aktiv war. Familiär stieg ich dort Anfang der 90er aus, um aber dennoch bei dem ein oder anderen Gig aushelfen zu dürfen. Einen Sommer lang durfte ich danach bei der Merziger Rock-Band „<strong>Rollsplit</strong>“ am Bass aushelfen.</p>
<p>Neben ersten Studio-Jobs wechselte ich das Live-Musik-Genre und genoss zunächst eine kurze, aber heftige Zeit mit einer zusammengewürfelten Truppe in der Eifel, die als „<strong>Die Gezies</strong>“ nur bei einigen Benefiz- Veranstaltungen auftrat, aber dafür mit hochkarätigen Mitmusikern ein tolles Rockprogramm und mutige Arrangements in Angriff nahm.</p>
<p>Um dem zu folgen trat ich Mitte der 90er der Wahlener Rockband „<strong>Class of 89</strong>“ als Sänger / Frontmann bei – einer Truppe, die qualitativ Lokalmatador hätte werden müssen &#8211; aber die verschiedenen „Charismen“ wollten mal wieder nicht…</p>
<p>„<strong>SAITENWIND</strong>“ aus St. Ingbert war dann einige Jahre meine gut gebuchte Tanzmusik-Truppe mit 5 hervorragenden Mitmusikern, die ich zugunsten meines SOUNDSLIKEMAC Projekt aber verlassen musste.</p>
<p>Mit „<strong>SOUNDS LIKE MAC</strong>“ als Party-Band mit Gitarristin/ Sängerin Karin im Duo, oder auch als Trio oder Quartett mit diversen Kollegen, ging es bis über die Jahrtausendwende weiter.</p>
<p>2012 fühlte ich mich dann wieder der Rockmusik hingezogen und erlebte mit „<strong>Paul-rockt</strong>“ eine gute Zeit, die dann aber kapazitätenbedingt 4 Jahre später doch ein Ende fand – der Tag hat nur 24h&#8230;</p>
<p>Im Frühjahr 2018 durfte ich die Band<strong> THE SUNSET</strong> aus Großrosseln kennenlernen, die (1964 gegründet) einen zum Exil-Saarländer gewordenen Keyboarder ersetzen musste und fand hier die richtigen Mitmusiker für meinen nostalgischen Hang zu Songs aus der Beatgeneration der 60er und 70er. Okay – das ist auch mit deren Abschieds-Gig in 2023 zwar auch schon wieder vorbei, aber „es war eine schöne Zeit“! Ich darf mich glücklich schätzen, dass mich einige Mitmusiker der Band, die einen BigBand-Hintergrund haben, heute noch zu Auftritten mit dem Jugendorchester Großrosseln (<strong>JOG</strong>) einladen.</p>
<p>Im „musikalischen Pandemie-Out“ 2021 fand ich über Umwege zurück zu meinem alten Mitstreitern Bernd F. und Harry D. von THE-CLASS und damit auch zu deren Truppe <strong>BLUES BAND WITHOUT NAME (BBWN)</strong>, bei der ich mittlerweile den Tastenbereich betreue und die Vocals verstärke. Blues muss bei Weitem nix getragenes sein und selten hab ich an so einem tolles Bandklima teilhaben können. Musikalische Klasse trifft Herzensmusik…</p>
<p>In Krankheitsvertretung kam ich dann noch zu <strong>NoQUESTION</strong>, wo man 70er und 80er Tanzmusik mit Harmonielastigem Gesang zu handgemachter Musik pflegt – das aber nur als Übergang… Kurzfristig… Vorübergehend… Seit einigen Jahren… Mittelfristig… Langfristig… 🙂</p>
<p>Daneben liegt mein eigenes „SOUNDS LIKE MAC“ – Projekt familiär bedingt (aber durchaus freiwillig) leider etwas auf Eis. Irgendwie bin ich dennoch immer irgendwo unterwegs.</p>
<p>Mittlerweile jamme ich auch wieder in einigen Rock-Projekten herum, aber ich finde da einfach keinen passenden Platz. Hier sehe ich derzeit den meisten Bedarf an Band-Pflege. Durch eine Schwemme von Rock-Cover-Bands in den letzten Jahren wird vielerorts häufig einfach „Runtergenudelt“. Ich suche da was mit mehr Seele…</p>
<p>Zwischendurch war ich seit 2000 immer wieder als Leihmusiker bei diversen lokalen, aber auch überregionalen Künstlern und Kollegen mit Rock- oder Top40-Setups auf der Bühne. Und in kleinster Besetzung bin ich als Duo <strong>Felini</strong>, <strong>McCharlie</strong>, <strong>MacNero</strong> oder <strong>BlackAndWhite</strong> bis heute noch mit Party-Unterhaltung unterwegs.</p>
<p>In den letzten Jahren lasse ich mich wieder vermehrt und gerne als Musiker-Vertretung ad hok irgendwo dazustellen. Das erlaubt mir natürlich nicht nur noch etwas dazuzulernen, sondern auch bei Anfragen schnell die „passenden“ Kollegen anbieten/mitbringen zu können. Dabei muss es nicht immer der Bombast-Gig sein – auch die kleine Session oder die Privat-Veranstaltung kann hier so richtig Laune hinterlassen.</p>
<p>An dieser Stelle möchte ich nicht unerwähnt lassen, dass meine musikalischen Aktivitäten natürlich beim Finanzamt Saarlouis offiziell gemeldet sind.</p>
<p>Für einen Veranstalter auf der Suche nach der richtigen musikalischen Attraktion, für meine Freunde und interessierte Mitmusiker oder Kollegen auf der Suche nach einem Vertretungs-Musiker auf die Schnelle, oder eben einfach um zu wissen, was ich so anstelle, findet man hier also meine Web-Präsenz mit Gig-Tagebuch – wobei ich hier doch noch einige Einträge nacherfassen muss. 😇</p>
<p>Ich bin dran&#8230;</p>
<p>Greez</p>
<p>Walter „Mac“ Keller</p>

<p>Hallo Besucher! Hier findet man Info zu meinen musikalischen Aktivitäten. Ich bin Hobbymusiker mit über 40 Jahren Bühnenerfahrung (aktuellen Dokumenten zur Folge seit ’78). Dabei habe ich mich neben autodidaktischer Gesangslehre von der Orgel über Klavier zum Keyboard, über Schlagzeug und Bass-Gitarre, live und in diversen Studio-Aktivitäten, am 4Saiter, hinter den Tasten oder als Frontman &hellip; <a href="http://rgawke.de/mactwo/?page_id=37" class="more-link"><span class="screen-reader-text">Ich über mich</span> weiterlesen <span class="meta-nav">&rarr;</span></a></p>
